at are the prime factors of w(11)?
5, 7
Let n be 18/(-4)*2/(-3). Suppose -4*a + 4 = -0. Let x = n - a. List the prime factors of x.
2
Let m(v) = 10*v - 50. Let c(q) = 7*q - 30. Let d be c(6). What are the prime factors of m(d)?
2, 5, 7
Suppose 14*g - 10278 + 3362 = 0. What are the prime factors of g?
2, 13, 19
Suppose 4*d - 28 = 2*g, -4*d + 3*g + 36 = -g. Suppose -d = l - 7. What are the prime factors of l + -1 + (2 - -2)?
5
Let q = -3040 + 4708. What are the prime factors of q?
2, 3, 139
Suppose -2*k = 3*b - 121, -4 = -k - 2. Let t = b - -1. What are the prime factors of t?
2, 5
Suppose -3 = -m, -b = -m + 3*m + 25. Let o = 73 + b. What are the prime factors of o?
2, 3, 7
What are the prime factors of (-2)/16 + 51078/48 + -9?
5, 211
Suppose 72*a - 92*a = -15920. What are the prime factors of a?
2, 199
Let m = 22 - 84. List the prime factors of -1 - m/6 - (-2)/(-6).
3
Let x(q) = -2*q**2 - 5*q - 3. Let d be x(-2). What are the prime factors of 33*(-1)/(d - 0)?
3, 11
Let x(r) = -8*r - 7. Let a be x(-2). What are the prime factors of ((-1)/(-2))/(a/936)?
2, 13
Suppose 6 = -3*p, -2*b + 27*p - 26*p + 5074 = 0. List the prime factors of b.
2, 317
Let i be 5 + -4 - (-1 + 2). Let m = i - -74. List the prime factors of m.
2, 37
Suppose -s + 4*h = -3*s, 3*s = -3*h. Suppose -7*q + 3*q + 924 = s. What are the prime factors of q?
3, 7, 11
Let b(z) = 5*z + z - 2 - 5 + 4. List the prime factors of b(7).
3, 13
Let y be ((0 + 0)/(12/12))/1. Suppose y = -5*h + 663 - 233. What are the prime factors of h?
2, 43
Let v(o) = 12*o**3 + 4*o**2 - 3*o - 5. Let x(r) = 13*r**3 + 5*r**2 - 3*r - 6. Let z(j) = -7*v(j) + 6*x(j). What are the prime factors of z(-2)?
7
Let y = -157 + 777. List the prime factors of y.
2, 5, 31
Let h = 132 + -13. Let z = h + -43. What are the prime factors of z?
2, 19
Let f(i) = -i**2 - 9*i + 3. Let p = 25 + -34. Let h be f(p). Suppose -h*v = -12 - 69. List the prime factors of v.
3
Let w be 55/25 + (-1)/5. Let v(x) = -3 - w*x - 2 + 2 - 3*x. List the prime factors of v(-2).
7
What are the prime factors of -126*-2*(-11)/(-6)?
2, 3, 7, 11
List the prime factors of (-8102)/(-8) - (-189)/(-108).
3, 337
Suppose 2*x = -0*s + 3*s - 8, -x = -4*s + 4. Let z be s + 3 - (2 + -2). List the prime factors of ((-12)/z)/(4/(-18)).
2, 3
Let m(l) = -l**2 + 12*l + 2. Let g be m(12). Suppose -g*v + 4*v + 4*c = 32, -5*c + 19 = -v. Suppose 130 = -z + v*z. List the prime factors of z.
2, 13
Let d be (1 - 3)*6/(-4). Suppose -6 = -b + 2*v, 5*b + 2*v = 2*b - 6. Suppose 0 = -0*j + 3*j + 4*q - 1, d*j + 5*q + 4 = b. What are the prime factors of j?
7
Suppose -18*v - 6 = -21*v. List the prime factors of v/(-6)*1*-51.
17
Suppose -3*j = 3*w - 234, -5*j = -w + 3 + 51. What are the prime factors of w*(-5)/(-20)*2?
37
Suppose -137*m = -144*m + 1022. List the prime factors of m.
2, 73
Suppose -692 = 7*m - 3863. What are the prime factors of m?
3, 151
Let j = 459 + -268. Suppose 240 = 5*d + k, j = 2*d + 2*d + k. What are the prime factors of d?
7
Let f = -59 - -228. What are the prime factors of f?
13
Let y = -3 - -6. Suppose y*g = 4*x + 15, 5*g = 2*x - 7 + 32. Suppose 5*t - 2*c + c - 61 = x, -53 = -5*t + 3*c. List the prime factors of t.
13
List the prime factors of 63984/27 + (-38)/(-171).
2, 3, 5, 79
Let p(r) = -r**3 + r**2 - 39. Let w be p(0). Let n = 97 + w. Let o = n + -23. List the prime factors of o.
5, 7
Let f(z) = 409*z - 502. List the prime factors of f(4).
2, 3, 7
Suppose 5*f - 3707 - 5126 = -2*q, -4414 = -q - 2*f. What are the prime factors of q?
2, 3, 367
Let h(c) = -c**2 + 11*c - 20. Let t be h(8). Let g(b) = 4*b + 4 - b - b**2 + t*b. What are the prime factors of g(7)?
2
Let u be (120 - (-6)/3)/(-2). What are the prime factors of (-3)/9 + u/(-3)?
2, 5
List the prime factors of (123/82)/((-3)/(-1444)).
2, 19
Suppose -2*w = -489 + 125. Let l = w - 14. List the prime factors of l.
2, 3, 7
Let k(t) = t**2 - 6*t - 10. Let v be k(8). Let s(a) = a**2 + 8*a - 24. List the prime factors of s(v).
2, 3, 5
Suppose 2*h + 3*o = -11, 6*o - 3*o + 14 = -5*h. Let x be h/(2/(-8)) + 0. Suppose -g = 5*k - 30, x*k - 5 = g + 1. List the prime factors of g.
2, 5
Let r(g) = 1279*g - 8. What are the prime factors of r(1)?
31, 41
Let v = -443 - -638. What are the prime factors of v?
3, 5, 13
Suppose -9*w + 6 = -7*w. Suppose -399 = -2*s - 0*s + t, w*s - 4*t - 601 = 0. List the prime factors of s.
199
Suppose 6 = -3*j + 3*t, -2*t + 6 = 2*j - 10. Let r be (1 - j) + 1*4. List the prime factors of 31 + (-4 - (1 - r)).
2, 7
Suppose -2*y - d + 2803 = 477, 3491 = 3*y + d. List the prime factors of y.
5, 233
Suppose -3*o - 8*y + 4*y = -7, -5*o + 4*y + 33 = 0. Suppose -101 = -h - 5*t + 103, 5*t = o*h - 900. What are the prime factors of h?
2, 23
Suppose 0 = 46*v + 6044 - 32080. List the prime factors of v.
2, 283
Suppose -4*a = 4*l + 1020, 2*a + 156 = 2*l - 342. Let v = -62 - a. Suppose -4*r - r + v = 0. List the prime factors of r.
2, 19
Suppose 0*v - 5*g = -v - 21, -2*v + 5*g = 47. Let d = v - -20. What are the prime factors of ((-4)/(-6))/(d/(-342))?
2, 19
Suppose -2*r + 3*f = -501, 4*r = 3*r - 4*f + 267. List the prime factors of r.
3, 5, 17
Suppose 3*g = -2*g + 5. Let c = g - -2. Let w(y) = 2*y**3 - 5*y**2 + 2*y + 1. What are the prime factors of w(c)?
2
Suppose 5*c - 2*a - 39 = 0, 3*a + a + 29 = 3*c. Suppose -8*m = -c*m. Let b = 16 - m. What are the prime factors of b?
2
Let c(i) = i**3 - i**2 - 2*i + 506. Let p be c(0). Suppose -p = -7*f + 1524. List the prime factors of f.
2, 5, 29
Suppose 5*m - 2*d + 111 = -0*d, 5*d = -5*m - 125. Let u(o) = o**2 + 18*o - 24. What are the prime factors of u(m)?
7, 13
Suppose -2*n - 4*j = 0, -2*j + 5*j = -4*n - 25. List the prime factors of 2 + 4308/30 - 4/n.
2, 73
Let o be 0/7 - -370*(-1)/1. Let a = -220 - o. List the prime factors of a.
2, 3, 5
Suppose 7217 = 5*f - 2*c, -2*f + 2*c + 2882 = -0*c. List the prime factors of f.
5, 17
Let z(t) be the first derivative of 2*t**3/3 + 6*t**2 + 9*t + 55. What are the prime factors of z(8)?
233
Let s = 24 - 20. Suppose 0 = s*i - 4*t + 4, -3*t - t = -3*i - 5. List the prime factors of ((-12)/15)/(i/(-10)).
2
Let w(c) = 6*c + 2. Let u be w(-2). Let y(t) = 23*t + 37. Let d be y(-1). Let v = d + u. List the prime factors of v.
2
Suppose -5*r + 205 = 2*u + u, -4*r = 5*u - 164. Suppose -39*n = -r*n + 152. What are the prime factors of n?
2, 19
Let y = 45 + -34. Suppose -3*i - y = -23. List the prime factors of i.
2
Let h(s) = -s**3 - 5*s**2 + 3*s - 14. Let z be h(-6). Suppose 0*x = z*x - 176. List the prime factors of x.
2, 11
List the prime factors of ((-14)/(-3))/(-8 - 21336/(-2664)).
2, 7, 37
Suppose t - 33 - 124 = 0. Suppose 3*k + 279 = -0*k. Let s = t + k. What are the prime factors of s?
2
Let n(j) = 2*j**2 - 8*j - 5. Let c be n(4). What are the prime factors of 140/(-8)*12/c?
2, 3, 7
What are the prime factors of ((-6 - -7)*7)/1?
7
Let w(p) = -16*p + 14. List the prime factors of w(-1).
2, 3, 5
Let o be ((-38)/(-2))/(14/798). Suppose 0 = 7*v - o + 306. What are the prime factors of v?
3, 37
Let h be (-3 + (-528)/(-18))/(1/(-3)). Let y = h + 367. What are the prime factors of y?
2, 3
Suppose -3*h = -h - 8. Suppose -x + 5 = h. What are the prime factors of (x/3)/((-6)/(-162))?
3
Let w(q) = q**2 - 8*q - 11. Let z = -51 + 35. Let o = z - -27. What are the prime factors of w(o)?
2, 11
Suppose -r + 5*a - 1 = -4, 0 = -3*a - 3. Let d(b) = -5*b**3 - 3*b**2 - 2*b. Let o be d(-2). List the prime factors of o/3 - r/(-3).
2, 5
Let f = 603 - 416. Let k = f - -10. Suppose -5*z + 4*a + 221 = 0, 5*z + 2*a + 0*a - k = 0. What are the prime factors of z?
41
Let d be -1 + 3 + -2 + -1. Let j be 3 + (d - (0 - 3)). Suppose -3*x - j = -4*u + 2*u, 5*x = 5. What are the prime factors of u?
2
Suppose -38*o = -10*o - 24052. List the prime factors of o.
859
Let f be 1952/(-10) + 4*4/80. Let q = f - -295. List the prime factors of q.
2, 5
Let v(o) be the second derivative of 9*o**4/4 + o**3/2 + 3*o**2/2 - 3*o. Let z be v(-2). Suppose -8*k = -3*k - z. List the prime factors of k.
3, 7
Let c = 7 + -4. Suppose 0 = k + 5*h + 2, -3*k - 17 = -5*h + 9. Let z = c - k. List the prime factors of z.
2, 5
Suppose -5*j + 6920 = -q, -4*q = 3*j - 1744 - 2408. What are the prime factors of j?
2, 173
Let h(u) = u**2 - 8 - 4 - 3*u + 15. List the prime factors of h